{"id":19,"date":"2016-08-23T21:00:04","date_gmt":"2016-08-23T21:00:04","guid":{"rendered":"http:\/\/test.psychoanalitykjungowski.pl\/?page_id=19"},"modified":"2026-04-09T12:27:31","modified_gmt":"2026-04-09T12:27:31","slug":"strona-glowna","status":"publish","type":"page","link":"https:\/\/psychoanalitykjungowski.pl\/","title":{"rendered":"strona g\u0142\u00f3wna"},"content":{"rendered":"<div class=\"single-post clearfix\">\n<h3 class=\"entry-title\"><a title=\"Suspendisse\" href=\"#\">Najbli\u017csze wyst\u0105pienia<\/a><\/h3>\n<p style=\"font-weight: 400;\"><strong>&#8222;Historia m\u0119\u017cczyzny: od traumy do indywiduacji. Studium relacji terapeutycznej.&#8221; \u00a021-22 listopada 2026 &#8211; \u00a0IX \u015al\u0105skie Warsztaty Psychoterapii, Katowice \u00a0<\/strong><\/p>\n<p><strong><a title=\"O mnie\" href=\"\/index.php\/o-mnie\/\">O mnie<\/a><\/strong><\/p>\n<p><img class=\"\" \/><\/p>\n<\/div>\n<div class=\"single-post clearfix\">\n<div class=\"single-post-image-wrap\">\n<figure><img loading=\"lazy\" class=\"alignnone wp-image-669 size-medium\" src=\"https:\/\/psychoanalitykjungowski.pl\/wp-content\/uploads\/2024\/08\/4C096FEA-0CDC-4777-9A15-961A65DC4404_1_201_a-1-300x218.png\" alt=\"\" width=\"300\" height=\"218\" srcset=\"https:\/\/psychoanalitykjungowski.pl\/wp-content\/uploads\/2024\/08\/4C096FEA-0CDC-4777-9A15-961A65DC4404_1_201_a-1-300x218.png 300w, https:\/\/psychoanalitykjungowski.pl\/wp-content\/uploads\/2024\/08\/4C096FEA-0CDC-4777-9A15-961A65DC4404_1_201_a-1.png 504w\" sizes=\"(max-width: 300px) 100vw, 300px\" \/><\/figure>\n<\/div>\n<div class=\"single-post-content\">\n<div class=\"entry-summary\">\n<p>Jestem do\u015bwiadczonym, certyfikowanym psychoterapeut\u0105 jungowskim Sekcji Naukowej Psychoterapii Polskiego Towarzystwa Psychiatrycznego, a tak\u017ce dyplomowanym psychoanalitykiem jungowskim z ponad 20-letni\u0105 praktyk\u0105 kliniczn\u0105 zdobyt\u0105 m.in. na \u00a0Dziennym Oddziale Psychiatrycznym oraz \u00a0w Poradni Zdrowia Psychicznego. Posiadam du\u017ce do\u015bwiadczenie w pracy z \u00a0osobami cierpi\u0105cymi na nerwic\u0119, w tym napady paniki, stanami depresyjnymi, psychotycznymi \u00a0oraz szeroko rozumianymi zaburzeniami emocjonalnymi. Pracuj\u0119 z pacjentami spotykaj\u0105c si\u0119 raz w tygodniu, a je\u015bli to konieczne, r\u00f3wnie\u017c bardziej intensywnie. Jestem przekonany, \u017ce relacja terapeutyczna jest \u017cyw\u0105 wsp\u00f3\u0142prac\u0105, kt\u00f3ra oferuje ludziom mo\u017cliwo\u015b\u0107, by bezpiecznym spos\u00f3b zbada\u0107 ich trudno\u015bci oraz aspiracje. Oferuj\u0119 pocz\u0105tkow\u0105 konsultacj\u0119, na kt\u00f3rej mo\u017cna wsp\u00f3lnie zobaczy\u0107, jaki typ pomocy jest potrzebny \u2013 czy kr\u00f3tkoterminowy czy d\u0142ugoterminowa intensywna terapia. Mog\u0119 r\u00f3wnie\u017c zarekomendowa\u0107 innych psychoterapeut\u00f3w lub o\u015brodki, gdyby to by\u0142o pomocne. Moim do\u015bwiadczeniem dziel\u0119 si\u0119 wyst\u0119puj\u0105c na konferencjach psychoterapeutycznych oraz pisz\u0105c artyku\u0142y do r\u00f3\u017cnych czasopism.<\/p>\n<\/div>\n<div class=\"clearfix\"><\/div>\n<div class=\"read-btn\"><a title=\"O mnie\" href=\"\/index.php\/o-mnie\/\">Czytaj dalej<\/a><\/div>\n<\/div>\n<\/div>\n<p><!-- Informacje --><\/p>\n<div class=\"single-post clearfix\">\n<div class=\"single-post-content\">\n<h3 class=\"entry-title\"><a title=\"Psychoterapia\" href=\"\/index.php\/psychoterapia\/\">Co daje psychoterapia?<\/a><\/h3>\n<div class=\"entry-summary\">\n<p>Jest wiele r\u00f3\u017cnych rodzaj\u00f3w psychoterapii. G\u0142\u00f3wnym jej celem jest zrozumienie naszego zachowania oraz tego, co je motywuje. W ten spos\u00f3b dokonujemy zmiany, kt\u00f3ra umo\u017cliwia zaj\u0119cia lepszego miejsca w swoim \u017cyciu.<\/p>\n<p>Psychoterapia jungowska jest podj\u0119ciem przez pacjenta i terapeut\u0119 lepszego zrozumienia nie\u015bwiadomych proces\u00f3w, kt\u00f3re maj\u0105 miejsce w naszym umy\u015ble i wyra\u017caj\u0105 si\u0119 we wszystkich naszych relacjach. Nasze wcze\u015bniejsze do\u015bwiadczenia, w tym z okresu dzieci\u0144stwa, s\u0105 wa\u017cne w kszta\u0142towaniu sposobu, w jaki pracuje nasz umys\u0142 i przeprowadza procesy my\u015blowe. Psychoterapia jungowska oferuje nie tylko poradzenie sobie z objawami psychicznymi.<br \/>\nPozwala dotrze\u0107 do g\u0142\u0119bszego poziomu psychiki, pozna\u0107 negatywne my\u015bli oraz sposobu na ich zmian\u0119. Daje si\u0142\u0119 do stawianiu oporu pokusom stoj\u0105cym za negatywnymi my\u015blami.<\/p>\n<div class=\"clearfix\"><\/div>\n<div class=\"read-btn\"><a title=\"Psychoterapia\" href=\"\/index.php\/psychoterapia\/\">Czytaj dalej<\/a><\/div>\n<\/div>\n<\/div>\n<\/div>\n<p><!-- Dorobek naukowy --><\/p>\n<div class=\"services-content clearfix\">\n<p><!--\n\n\n<h3 class=\"entry-title\"><a href=\"\/index.php\/category\/publikacje\/\" title=\"Dorobek naukowy\">Dorobek naukowy<\/a><\/h3>\n\n\n--><\/p>\n<div class=\"single-service tg-one-third\">\n<p><a href=\"\/index.php\/category\/publikacje\/\"><img loading=\"lazy\" class=\"alignnone wp-image-111 size-medium\" src=\"\/wp-content\/uploads\/2016\/11\/photo-1450101499163-c8848c66ca85-300x200.jpeg\" alt=\"psychoanalityk jungowski katowice\" width=\"300\" height=\"200\" srcset=\"https:\/\/psychoanalitykjungowski.pl\/wp-content\/uploads\/2016\/11\/photo-1450101499163-c8848c66ca85-300x200.jpeg 300w, https:\/\/psychoanalitykjungowski.pl\/wp-content\/uploads\/2016\/11\/photo-1450101499163-c8848c66ca85-768x512.jpeg 768w, https:\/\/psychoanalitykjungowski.pl\/wp-content\/uploads\/2016\/11\/photo-1450101499163-c8848c66ca85.jpeg 1000w\" sizes=\"(max-width: 300px) 100vw, 300px\" \/><\/a><\/p>\n<h5><a title=\"Publikacje\" href=\"\/index.php\/category\/publikacje\/\"> Publikacje<\/a><\/h5>\n<p>Zbi\u00f3r artyku\u0142\u00f3w opublikowanych w r\u00f3\u017cnych gazetach i czasopismach, w kt\u00f3rych opisywane s\u0105 najwa\u017cniejsze problemy emocjonalne w obecnych czasach. S\u0105 w nich zawarte wskaz\u00f3wki dotycz\u0105ce radzenia sobie z wyst\u0119puj\u0105cymi trudno\u015bciami natury psychicznej.<\/p>\n<\/div>\n<div class=\"single-service tg-one-third\">\n<p><a href=\"\/index.php\/category\/wystapienia\/\"><img loading=\"lazy\" class=\"alignnone\" src=\"\/wp-content\/uploads\/2016\/08\/54738614_l-300x200.jpg\" alt=\"psychoanalityk jungowski katowice\" width=\"320\" height=\"180\" \/><\/a><\/p>\n<h5><a title=\"Wyst\u0105pienia i video\" href=\"\/index.php\/category\/wystapienia\/\"> Wyst\u0105pienia i video<\/a><\/h5>\n<p>Kr\u00f3tki opis wyst\u0105pie\u0144 naukowych podczas konferencji i zebra\u0144 naukowych, na kt\u00f3rych by\u0142a prezentowana praca kliniczna obejmuj\u0105ca r\u00f3\u017cne aspekty psychiki oraz wyst\u0119puj\u0105ce na tym tle dolegliwo\u015bci i symptomy. Uzupe\u0142nione o prezentacje video niekt\u00f3rych wyst\u0105pie\u0144.<\/p>\n<\/div>\n<div class=\"single-service tg-one-third tg-one-third-last\">\n<p><a href=\"\/index.php\/category\/filmy\/\"><img loading=\"lazy\" class=\"alignnone\" src=\"\/wp-content\/uploads\/2016\/08\/jung_art_25.png\" alt=\"psychoanalityk jungowski katowice\" width=\"320\" height=\"180\" \/><\/a><\/p>\n<h5><a title=\"Recenzje artyku\u0142\u00f3w\" href=\"\/index.php\/category\/filmy\/\"> Recenzje artyku\u0142\u00f3w<\/a><\/h5>\n<p>Recenzje kilkudziesi\u0119ciu artyku\u0142\u00f3w zamieszczonych w Journal of Analitycal Psychology, wiod\u0105cym czasopi\u015bmie jungowskim, w kt\u00f3rych prezentowane s\u0105 publikacje najbardziej cenionych psychoanalityk\u00f3w.<\/p>\n<\/div>\n<\/div>\n<div class=\"single-post clearfix contact-content\">\n<p><a name=\"kontakt\"><\/a><\/p>\n<div class=\"single-post-content\">\n<h3 class=\"entry-title\"><\/h3>\n<div class=\"tg-one-half contact-details\">\n<div>\n<p>Kontakt:<\/p>\n<\/div>\n<div>\n<p>Skype: <a href=\"skype:Psychoanalityk Jungowski.pl\">Psychoanalityk Jungowski.pl<\/a><\/p>\n<\/div>\n<div>\n<p>Telefon: <a> +48 733 230 221 <\/a><\/p>\n<\/div>\n<div>\n<p>Email: <a href=\"mailto:psychoanalitykjungowski@gmail.com\">psychoanalitykjungowski@gmail.com<\/a><\/p>\n<\/div>\n<\/div>\n<div class=\"tg-one-half tg-one-half-last\">\n<div id=\"map\" style=\"width: 300px; height: 150px;\"><\/div>\n<p><script><br \/>\nfunction initMap() {<br \/>\n        var cnt= {lat: 50.2732504, lng: 19.0060511};<br \/>\n        var map = new google.maps.Map(document.getElementById('map'), {<br \/>\n          zoom: 15,<br \/>\n          center: cnt<br \/>\n        });<br \/>\n        var marker = new google.maps.Marker({<br \/>\n          position: cnt,<br \/>\n          map: map<br \/>\n        });<br \/>\n      }<br \/>\n<\/script><br \/>\n<script async=\"\" defer=\"\" src=\"https:\/\/maps.googleapis.com\/maps\/api\/js?key=AIzaSyBZWyTL0gAPI8ROzWFT815Y_eduI3s1bmc&amp;callback=initMap\"><br \/>\n    <\/script><\/p>\n<\/div>\n<\/div>\n<\/div>\n","protected":false},"excerpt":{"rendered":"<p>Najbli\u017csze wyst\u0105pienia &#8222;Historia m\u0119\u017cczyzny: od traumy do indywiduacji. Studium relacji terapeutycznej.&#8221; \u00a021-22 listopada 2026 &#8211; \u00a0IX \u015al\u0105skie Warsztaty Psychoterapii, Katowice \u00a0 O mnie Jestem do\u015bwiadczonym, certyfikowanym psychoterapeut\u0105 jungowskim Sekcji Naukowej Psychoterapii Polskiego Towarzystwa Psychiatrycznego, a tak\u017ce dyplomowanym psychoanalitykiem jungowskim z ponad 20-letni\u0105 praktyk\u0105 kliniczn\u0105 zdobyt\u0105 m.in. na \u00a0Dziennym Oddziale Psychiatrycznym oraz \u00a0w Poradni Zdrowia Psychicznego. Posiadam du\u017ce do\u015bwiadczenie w pracy z \u00a0osobami cierpi\u0105cymi na nerwic\u0119, w tym napady paniki, stanami depresyjnymi, psychotycznymi \u00a0oraz szeroko rozumianymi zaburzeniami emocjonalnymi. Pracuj\u0119 z pacjentami spotykaj\u0105c si\u0119 raz w tygodniu, a je\u015bli to konieczne, r\u00f3wnie\u017c bardziej intensywnie. Jestem przekonany, \u017ce relacja terapeutyczna jest \u017cyw\u0105 wsp\u00f3\u0142prac\u0105,<\/p>\n","protected":false},"author":1,"featured_media":654,"parent":0,"menu_order":0,"comment_status":"closed","ping_status":"closed","template":"","meta":[],"_links":{"self":[{"href":"https:\/\/psychoanalitykjungowski.pl\/index.php\/wp-json\/wp\/v2\/pages\/19"}],"collection":[{"href":"https:\/\/psychoanalitykjungowski.pl\/index.php\/wp-json\/wp\/v2\/pages"}],"about":[{"href":"https:\/\/psychoanalitykjungowski.pl\/index.php\/wp-json\/wp\/v2\/types\/page"}],"author":[{"embeddable":true,"href":"https:\/\/psychoanalitykjungowski.pl\/index.php\/wp-json\/wp\/v2\/users\/1"}],"replies":[{"embeddable":true,"href":"https:\/\/psychoanalitykjungowski.pl\/index.php\/wp-json\/wp\/v2\/comments?post=19"}],"version-history":[{"count":170,"href":"https:\/\/psychoanalitykjungowski.pl\/index.php\/wp-json\/wp\/v2\/pages\/19\/revisions"}],"predecessor-version":[{"id":697,"href":"https:\/\/psychoanalitykjungowski.pl\/index.php\/wp-json\/wp\/v2\/pages\/19\/revisions\/697"}],"wp:featuredmedia":[{"embeddable":true,"href":"https:\/\/psychoanalitykjungowski.pl\/index.php\/wp-json\/wp\/v2\/media\/654"}],"wp:attachment":[{"href":"https:\/\/psychoanalitykjungowski.pl\/index.php\/wp-json\/wp\/v2\/media?parent=19"}],"curies":[{"name":"wp","href":"https:\/\/api.w.org\/{rel}","templated":true}]}}